*q**2 + 18. Let u be b(-3). List the prime factors of u/5 + (-16)/40.
2, 313
Suppose 4*g - 20 = -0*g. Suppose 19 = g*z + d + 5, -2*z - 3*d + 16 = 0. Suppose 0 = z*s - 46. List the prime factors of s.
23
Suppose -i - 57 = -5*i - 5*b, -2*b = -10. Let r = -361 + 366. Suppose -p = r*j - 266, 4*j + i*p - 4*p - 216 = 0. List the prime factors of j.
53
Let t(c) = 80*c**3 - 7*c**2 - 35*c + 199. List the prime factors of t(6).
7, 11, 13, 17
Let v be 1 - -5 - 0*(-10)/60. Let o(u) = 3*u**3 - 2*u**2 + 6*u - 6. List the prime factors of o(v).
2, 3, 101
Let t(h) = 113*h**2 + 53*h**2 + 85*h**2 + 202*h - 201*h. What are the prime factors of t(2)?
2, 503
Let y(u) = -u**2 + 21*u - 4. Let v be y(20). Let a(r) = 23*r - 11. What are the prime factors of a(v)?
3, 7, 17
Let x = 695 + -1135. Let k = x - -466. What are the prime factors of k?
2, 13
Suppose 5243 = x - 4*l, 5*x = -3*l + 9*l + 26257. List the prime factors of x.
5, 1051
Let m = -2717 - -4481. Suppose 12*i = 15264 - m. List the prime factors of i.
3, 5
Let j = 125418 - 70587. List the prime factors of j.
3, 7, 373
What are the prime factors of (-115419)/(-12) + (363/(-44) - -9)?
9619
What are the prime factors of (-1)/(5/(-2)*(-6)/(-238530))?
2, 7951
Let k be 64/20 - 1/5. Suppose -7 = l + k*a - 1, -6 = 2*a. List the prime factors of (-4 + (-11)/l)*-3.
23
Let g be 8*(9/15 + (-14)/40). List the prime factors of (g - -340) + 2/(4/10).
347
Suppose 0*m + 73055 = 5*m. What are the prime factors of (-1)/2 - m/(-38)?
2, 3
Suppose 128*l = 131*l + 738. Let w = l + 307. List the prime factors of w.
61
Let d(h) = -2*h**2 + 71*h - 37. Let z be d(37). Let l = z + 237. List the prime factors of l.
89
Let i = -88 - -198. Let h = i + -105. Suppose -h*s = -301 - 639. What are the prime factors of s?
2, 47
Suppose -78819 + 7559 = -10*p. List the prime factors of p.
2, 7, 509
Let h = 157 - 157. Suppose 7*b - 4*w = 3*b + 288, h = -b - 5*w + 54. List the prime factors of b.
3, 23
Suppose -6*x = -10*x + 17064. Suppose 5*o - x = -4*o. List the prime factors of o.
2, 3, 79
Let c = -61 + 65. Suppose -w + 0*w + 31 = c*a, -w - 2*a = -29. Let r = 54 + w. What are the prime factors of r?
3
Let m = -6 - -128. Let z = 199 - m. Let s = z - 40. What are the prime factors of s?
37
Let a(b) = -b + 4*b**3 - b**3 - 8 - 4*b**3 + 0*b**3 - 8*b**2. Let n be a(-8). List the prime factors of 1 + (n + 6)*(-41)/(-2).
2, 31
Suppose -68*d = -546649 + 134705. List the prime factors of d.
2, 13, 233
Let f(m) = -63*m**3 - 2*m**2 - 1. Let q be f(-2). Suppose -5*a = -14*a + q. What are the prime factors of a?
5, 11
Suppose 3*b + 4*g - 11237 = 0, -2*g + 4177 = 2*b - 3311. List the prime factors of b.
3739
Let q(d) be the second derivative of d**4/6 - 7*d**3/3 - 5*d**2/2 - 64*d + 10. Let r = 24 - 14. What are the prime factors of q(r)?
5, 11
Let x(m) = m**3 - 10*m**2 + 6*m + 3. Let w be x(9). Let z(c) = -3*c - 65. Let j be z(w). What are the prime factors of (21/7)/(((-3)/j)/(-3))?
3, 7
Let r(c) = 7*c - 57. Let t be r(8). Let s(n) be the second derivative of 11*n**4/2 + n**3/2 + n**2/2 - 3*n. List the prime factors of s(t).
2
Suppose -u = -0*u. Let y(q) be the third derivative of -q**6/120 - q**5/60 + 29*q**3/3 - 9*q**2. List the prime factors of y(u).
2, 29
Let p = 52 - 57. Let u be (-15)/p - (-1 - -4). Suppose u = w + 3*v - v - 209, -985 = -5*w + 5*v. List the prime factors of w.
3, 67
Let l(o) = -o**3 - 6*o**2 + 7*o - 4. Let z be l(-9). Let j = z + 29. List the prime factors of j.
5, 41
Let g(x) = 1010*x**2 - 36*x + 164. What are the prime factors of g(5)?
2, 11, 31, 37
Let a(f) = -f**3 + 56*f**2 - 161*f + 776. What are the prime factors of a(47)?
2, 5, 7, 11, 17
Suppose 13*b - 234 - 117 = 0. Suppose 3*r + j = -0*r + b, -4*r - 4*j + 28 = 0. Let o(l) = 12*l - 34. What are the prime factors of o(r)?
2, 43
Suppose -3*j + 57 = 2*k, -k + 5*j + 81 = k. Suppose -k*p = -1571 - 343. What are the prime factors of p?
2, 29
Let w = 22644 - 12421. What are the prime factors of w?
10223
List the prime factors of (-2)/((-5222736)/290151 - -18).
103, 313
Let l be 16/6*3/(-2). Let p be 200/(l*2/(-16)). Suppose -6*q + p - 160 = 0. List the prime factors of q.
2, 5
Let m = 627 - 627. Suppose 3*f - 807 - 1782 = m. List the prime factors of f.
863
Suppose 55*a - 16 = 59*a, w = 5*a + 3339. List the prime factors of w.
3319
Let h = -258 - -87. Let t = h + 376. List the prime factors of t.
5, 41
Let w(a) = 4*a**2 - 18*a + 140. Let r be w(34). Suppose r = 5*c + p, 2*p + 4148 = 5*c + p. What are the prime factors of c?
2, 5, 83
Let m be 23756/36 + (-5)/(-45). What are the prime factors of ((-82)/(-6))/(20/m)?
11, 41
Let j(f) = f**2 - 7*f + 10. Suppose 5*l - 6*i - 65 = -i, 4*i = -3*l + 25. Suppose -l = 5*n - 81. List the prime factors of j(n).
2, 3
Let n(f) = 442*f + 813. What are the prime factors of n(14)?
7001
Let a(o) = 2*o**2 + 5*o - 58. Let u = -281 + 298. What are the prime factors of a(u)?
5, 11
Let z = -34 + 32. List the prime factors of ((-33)/6)/11 - 515/z.
257
Let l(o) = -3 - 13 - 11*o - 27 + 10. List the prime factors of l(-20).
11, 17
Suppose -240*j + 238*j = -1124. Suppose -p = -3*v + 815, -v - 4*p + j = v. What are the prime factors of v?
3, 7, 13
Let w = -273 - 8. Let f = -585 + 399. Let x = f - w. List the prime factors of x.
5, 19
Suppose 2*j = -15 + 3. Let o be (6 - (-388)/16) + j/(-8). Suppose -o*v + 380 = -26*v. What are the prime factors of v?
2, 19
Let d(v) = -6*v + 251. Let c be d(-19). Let w = 459 - c. What are the prime factors of w?
2, 47
Let z(g) = -g**2 + 2*g + 1. Let v = -31 + 34. Let r be z(v). What are the prime factors of (-55 + -21)/(2/r)?
2, 19
Let o be 168/(-49) + 21/49. Let n(y) = -34*y**3 + 8*y + 31. What are the prime factors of n(o)?
5, 37
Suppose -s + 6085 = 3*o + 258, o = -3*s + 17497. What are the prime factors of s?
19, 307
Let m = -27507 + 31403. What are the prime factors of m?
2, 487
Suppose -94*t - 28*t = 17*t - 388366. List the prime factors of t.
2, 11, 127
Let v(u) be the first derivative of 6*u - 31/2*u**2 + 19. What are the prime factors of v(-2)?
2, 17
Let n(m) = 485*m**3 - 2*m**2 + 5. What are the prime factors of n(2)?
3877
Let j = -390 - -348. What are the prime factors of 1168 + (-2)/((-12)/j)?
3, 43
List the prime factors of 6838 - ((1 - 29)/7 - (3 + -1)).
2, 29, 59
Let r = 5199 + 773. List the prime factors of r.
2, 1493
Let d be 4 + (-36)/378 + 38/(-42). Suppose -x + 775 = d*u, -3689 = -4*x - 2*u - 569. List the prime factors of x.
11, 71
Let n(p) = p**3 - 27*p**2 - 40*p - 58. Let a be n(29). Suppose v - 466 = -4*q + 6*q, -3*q - a = -v. List the prime factors of v.
2, 5, 47
Suppose -431 = -k + 22*c - 19*c, 3*c = -3*k + 1341. List the prime factors of k.
443
Suppose 2*p = -5*c + 16, -c + p + 5 = -1. Suppose -2*u + 5*f = -c*u + 321, -f = -1. Suppose 3*q = 5*q - u. List the prime factors of q.
79
Let g(d) = -16*d**2 + 1399*d + 25. List the prime factors of g(48).
30313
Let l = -168 - -456. Let y = 286 + l. List the prime factors of y.
2, 7, 41
Suppose 0 = -18*f + 8*f + 620. Suppose f = y + 4*d, -10*d = -4*y - 6*d + 288. List the prime factors of y.
2, 5, 7
Let n = -8864 + 14640. Suppose -6*c = -n + 1378. What are the prime factors of c?
733
Suppose -2*t + 4*m + 82 = 0, 12 = -4*t - m + 194. Let n = t + -7. What are the prime factors of n?
2, 19
Let n be 18/48 + (-10)/(-16). What are the prime factors of 728/4 - (-2)/(-3 + n)?
181
Suppose 130*q - 9990302 = -76*q - 1140954. What are the prime factors of q?
2, 47, 457
Suppose 3 + 1 = -k, 5*k - 28 = -n. Let b = 610 + n. List the prime factors of b.
2, 7, 47
Suppose 4*y + 12394 = 5*b, 4*b + 5*y - 2*y = 9909. Suppose 8*a - b = 730. What are the prime factors of a?
401
Let f be (2 + -1)*33/11. Suppose 4*i + f*z + 2*z - 1566 = 0, -3*z = -2*i + 794. What are the prime factors of i?
2, 197
Let c(f) = 598*f**2 - 6*f - 27. Let a be c(-3). Suppose 10*o - a = o. List the prime factors of o.
3, 199
Let t = 1220 - 834. Suppose 4*b + 0*g + g - 792 = 0, 2*b - 2*g - t = 0. Suppose 7*f - 650 = b. List the prime factors of f.
11
Let r = -72 + 2040. Suppose -26*w - r = -32*w. List the prime factors of w.
2, 41
Suppose -4*w - 2058 - 2072 = 5*h, 0 = 4*h + 4*w + 3308. Let n = -528 - h. What are the prime factors of n?
2, 3, 7
Suppose 6*c - 7 = 5. Let y be 6*(-5)/(-15)*c. Suppose 33 = 2*j - 5*r, 